ivided by 238.
16
Calculate the remainder when 22216642 is divided by 11.
8
Calculate the remainder when 175479 is divided by 10313.
158
Calculate the remainder when 3725379 is divided by 42.
21
What is the remainder when 2781146 is divided by 413?
4
Calculate the remainder when 280316 is divided by 535.
511
Calculate the remainder when 61939361 is divided by 15.
11
Calculate the remainder when 55434 is divided by 55257.
177
Calculate the remainder when 7118 is divided by 1400.
118
What is the remainder when 42866455 is divided by 273?
268
Calculate the remainder when 48078914 is divided by 1092702.
26
Calculate the remainder when 139163 is divided by 69190.
783
Calculate the remainder when 28342 is divided by 7050.
142
Calculate the remainder when 46707 is divided by 2605.
2422
Calculate the remainder when 1638159 is divided by 81906.
39
Calculate the remainder when 1009059 is divided by 504339.
381
What is the remainder when 62860325 is divided by 47?
34
What is the remainder when 671238 is divided by 2380?
78
What is the remainder when 582637 is divided by 582625?
12
Calculate the remainder when 1166982 is divided by 1386.
1356
Calculate the remainder when 277859 is divided by 17353.
211
Calculate the remainder when 607012 is divided by 82.
48
What is the remainder when 150564 is divided by 21509?
1
Calculate the remainder when 61163517 is divided by 160.
157
What is the remainder when 84747 is divided by 98?
75
Calculate the remainder when 2057742 is divided by 332.
6
Calculate the remainder when 1025340919 is divided by 23.
22
What is the remainder when 25312097 is divided by 50?
47
Calculate the remainder when 6040251 is divided by 151006.
11
What is the remainder when 69606 is divided by 765?
756
Calculate the remainder when 22949329 is divided by 26.
13
Calculate the remainder when 2176629 is divided by 9262.
59
What is the remainder when 1136744 is divided by 3542?
3304
What is the remainder when 429980 is divided by 1171?
223
Calculate the remainder when 125115968 is divided by 2983.
2982
What is the remainder when 28214164 is divided by 404?
16
Calculate the remainder when 194615 is divided by 97191.
233
What is the remainder when 3579256 is divided by 41?
38
Calculate the remainder when 659414 is divided by 185.
74
What is the remainder when 145341955 is divided by 40?
35
Calculate the remainder when 1426180 is divided by 233.
220
Calculate the remainder when 4423285 is divided by 66.
31
What is the remainder when 26153397 is divided by 4358898?
9
What is the remainder when 97825 is divided by 32606?
7
What is the remainder when 201203 is divided by 6488?
75
What is the remainder when 8130025 is divided by 664?
9
What is the remainder when 11839133 is divided by 89?
86
What is the remainder when 174238 is divided by 3352?
3286
What is the remainder when 113596 is divided by 35?
21
What is the remainder when 14046938 is divided by 387?
386
Calculate the remainder when 22953 is divided by 3279.
0
What is the remainder when 184224480 is divided by 92112229?
22
Calculate the remainder when 1816317 is divided by 605419.
60
Calculate the remainder when 859729 is divided by 866.
657
Calculate the remainder when 108400 is divided by 4918.
204
Calculate the remainder when 1481204 is divided by 44884.
32
Calculate the remainder when 470034 is divided by 131.
6
Calculate the remainder when 150046 is divided by 5000.
46
What is the remainder when 152356358 is divided by 330491?
7
Calculate the remainder when 232884 is divided by 75793.
5505
What is the remainder when 2781080 is divided by 767?
705
What is the remainder when 271320977 is divided by 140?
137
Calculate the remainder when 10120135 is divided by 23.
20
What is the remainder when 13079891 is divided by 12?
11
What is the remainder when 1241775 is divided by 1241737?
38
Calculate the remainder when 156458 is divided by 1925.
533
What is the remainder when 98749259 is divided by 19749845?
34
What is the remainder when 4197467 is divided by 2497?
10
What is the remainder when 198542 is divided by 1006?
360
What is the remainder when 4896751 is divided by 6?
1
What is the remainder when 502432 is divided by 1709?
1695
Calculate the remainder when 1863858 is divided by 9.
3
Calculate the remainder when 815624 is divided by 5624.
144
What is the remainder when 1868905 is divided by 27?
19
Calculate the remainder when 1305948 is divided by 27758.
1322
Calculate the remainder when 120389 is divided by 894.
593
What is the remainder when 7224591 is divided by 38?
31
Calculate the remainder when 305675 is divided by 1194.
11
What is the remainder when 104709790 is divided by 4671?
4654
Calculate the remainder when 30801678 is divided by 45.
33
What is the remainder when 28115 is divided by 30?
5
What is the remainder when 63321 is divided by 159?
39
Calculate the remainder when 440489 is divided by 2394.
2387
Calculate the remainder when 4151398 is divided by 296527.
20
Calculate the remainder when 11918 is divided by 669.
545
What is the remainder when 48841 is divided by 441?
331
Calculate the remainder when 238531 is divided by 1109.
96
What is the remainder when 17690182 is divided by 2437?
2436
Calculate the remainder when 46809 is divided by 1616.
1561
Calculate the remainder when 1029064108 is divided by 343021367.
7
Calculate the remainder when 1681200 is divided by 677.
209
What is the remainder when 679675 is divided by 885?
880
Calculate the remainder when 1479729 is divided by 3203.
3146
Calculate the remainder when 1417325 is divided by 1524.
5
Calculate the remainder when 316265 is divided by 267.
137
Calculate the remainder when 673622 is divided by 202.
154
Calculate the remainder when 14712 is divided by 7069.
574
What is the remainder when 905013 is divided by 133?
81
Calculate the remainder when 794324486 is divided by 164.
162
Calculate the remainder when 652204 is divided by 7411.
36
What is the remainder when 13768996 is divided by 62?
36
What is the remainder when 55373 is divided by 2369?
886
What is the remainder when 37226713 is divided by 265?
43
What is the remainder when 9609590 is divided by 149?
133
Calculate the remainder when 6864988 is divided by 116.
108
What is the remainder when 1506380 is divided by 273?
239
Calculate the remainder when 2437412 is divided by 493.
20
Calculate the remainder when 9083738 is divided by 11.
4
Calculate the remainder when 101487 is divided by 735.
57
What is the remainder when 125102319 is divided by 476?
475
What is the remainder when 12098707 is divided by 9?
7
What is the remainder when 67023761 is divided by 11223?
5
What is the remainder when 621971 is divided by 304?
291
Calculate the remainder when 272157 is divided by 65.
2
Calculate the remainder when 48278397 is divided by 192.
189
What is the remainder when 1282461 is divided by 1314?
1311
Calculate the remainder when 44916173 is divided by 89.
9
Calculate the remainder when 20919002 is divided by 737.
731
What is the remainder when 823164 is divided by 3413?
631
What is the remainder when 88558977 is divided by 20?
17
Calculate the remainder when 161821 is divided by 20222.
45
Calculate the remainder when 9725740 is divided by 9725720.
20
Calculate the remainder when 1601587 is divided by 10.
7
Calculate the remainder when 1280669 is divided by 1563.
572
What is the remainder when 2324328 is divided by 3003?
6
Calculate the remainder when 7597448 is divided by 1085340.
68
What is the remainder when 36245 is divided by 36062?
183
Calculate the remainder when 9878271 is divided by 9878254.
17
Calculate the remainder when 4933129 is divided by 989.
986
What is the remainder when 43136 is divided by 40558?
2578
Calculate the remainder when 58194891 is divided by 2095.
2076
What is the remainder when 11752942 is divided by 168?
166
What is the remainder when 2146273 is divided by 612?
601
What is the remainder when 455260999 is divided by 23?
11
Calculate the remainder when 11193391 is divided by 4715.
4696
What is the remainder when 17904073 is divided by 91347?
61
What is the remainder when 122711798 is divided by 42169?
8
Calculate the remainder when 4577 is divided by 1538.
1501
Calculate the remainder when 417372 is divided by 19435.
9237
Calculate the remaind